-5)?
13
Let l(x) = -2*x. Suppose -1 = 2*h + 1. Calculate the remainder when 3 is divided by l(h).
1
Let o = 49 - 30. Calculate the remainder when 36 is divided by o.
17
Let y(s) = -9*s**3 - s. Let k be y(-1). Let c = 21 - k. Suppose -6*w - 12 = -9*w. Calculate the remainder when c is divided by w.
3
Suppose 0 = p + 4*p - 60. Let s(o) = 2*o - 10. Calculate the remainder when s(22) is divided by p.
10
Suppose -3*f + 5*i + 403 = 0, 5*f - 645 = i + 2*i. Calculate the remainder when f is divided by 32.
30
Suppose 3*k - o - 47 = 0, -3*o = -5*k + 58 + 23. Suppose 4*p = t - k, -5*t + 4*p - 5*p = -12. What is the remainder when ((-14)/(-10))/(4/20) is divided by t?
1
Let d(r) = -r**2 - 10*r + 16. Let p be d(-11). Suppose -5*m = -2*j - 16 + 38, -3*m - 36 = -p*j. Calculate the remainder when 23 is divided by j.
5
Let i = -13 - -21. Suppose i + 1 = h. Calculate the remainder when 26 is divided by h.
8
Let l(m) = -m**2 + 6*m + 6. What is the remainder when l(6) is divided by 3?
0
Let y = 7 + -4. Suppose 8 = -5*r + 3. Calculate the remainder when r/(-1)*2 + 5 is divided by y.
1
Let d(n) = n**3 - 12*n**2 + 13*n - 11. What is the remainder when 43 is divided by d(11)?
10
Calculate the remainder when 80 is divided by 45 + 1/(3/(-9)).
38
Let o(k) = -k**3 - k**2 + 9. Let f(i) = -14*i - 1. Let u be f(-7). Suppose -5*a - 3*n + u = 0, 2*n = -3*n + 20. What is the remainder when a is divided by o(0)?
8
Let y(j) = -j + 2. Suppose n + 6 = 3. Calculate the remainder when (-1)/n - 4/(-6) is divided by y(1).
0
Let h(d) be the first derivative of -3*d**2/2 - 7*d - 2. What is the remainder when (12/(-8))/(3/(-40)) is divided by h(-6)?
9
Let j be -3*1/((-2)/2). Calculate the remainder when 81 is divided by (1 - j - 0)*-14.
25
Suppose 4*w + 5*s - 19 = 0, w - 2*s = 6*w - 28. What is the remainder when 22 is divided by w?
4
Let k = -5 - -46. What is the remainder when 120 is divided by k?
38
Let p(h) = -h - 2. Let o be p(-3). What is the remainder when 24 is divided by o/3 + 152/12?
11
Let p(a) = 0*a**3 + 4*a**2 - 5*a + 3*a**2 - a**3 + 2. Let y be p(6). Let t(s) = s + 3. Calculate the remainder when 31 is divided by t(y).
9
Let d = 64 + -44. Calculate the remainder when 97 is divided by d.
17
What is the remainder when 49 is divided by (0 - -25)*(11 - 10)?
24
Suppose -5*q = -6*q + 5. Suppose 5*u + 215 = q*m, 11 = 4*u - 1. Let v = 10 + 6. Calculate the remainder when m is divided by v.
14
Let y = 10 + -6. Let f = y - 2. Suppose 3*g + f*z - 109 = 0, -g - 3*z = 2*g - 111. What is the remainder when g is divided by 12?
11
Suppose -3*s - 79 = -5*b, -4*b - 3*s - 37 = -6*b. Let q(x) = x**3 - 14*x**2 + x + 11. What is the remainder when q(b) is divided by 13?
12
What is the remainder when 158/3 + 3/(19 - 10) is divided by 14 - 0 - (2 - 2)?
11
Let r(f) = f**3 + 3*f**2 + 3*f + 1. Let o be r(-2). Let t(c) = -14*c + 1. What is the remainder when 29 is divided by t(o)?
14
Let v be (0 + 2)/2*-1. Let h = 4 + v. Suppose h*n - 36 = -3*q, 3*q - 3*n + 14 = 4*q. Calculate the remainder when q is divided by 6.
5
Suppose -2*u + 11 + 14 = 3*l, 3*u - 2*l - 31 = 0. Let r(o) = -o**3 - 6*o**2 + 3*o + 14. What is the remainder when r(-7) is divided by u?
9
Suppose -63 + 8 = -5*b. Let a = -2 - -8. Calculate the remainder when b is divided by a.
5
Suppose -4*i = -1 + 5. Let g be ((-5)/((-10)/8))/i. Calculate the remainder when 58 is divided by -3 - g/((-4)/(-23)).
18
Suppose -5*c = -3*k + 38, 3*c + 36 = 5*k - 38. Calculate the remainder when 34 is divided by k.
2
Let i(a) = -a + 77. What is the remainder when i(-11) is divided by ((-6)/8)/(2/(-80))?
28
Suppose 4*j + 22 = 5*a, 0 = -4*a - 7*j + 6*j + 26. Let w be 64/2 + (-2 - -2). What is the remainder when 2/(2*2/w) is divided by a?
4
Suppose 3*r = 35 + 34. What is the remainder when 44 is divided by r?
21
Suppose d - 62 = o, o - 122 = -2*d + 2*o. Suppose d = -3*m + 7*m - 4*b, -5 = -m - b. Suppose -2*f = -20 - 18. Calculate the remainder when f is divided by m.
9
Let c be (-1 - -4)*10/6. Suppose 4*q - 88 = -c*n, 3*q = -q + n + 64. What is the remainder when 2*(318/20 + (-32)/80) is divided by q?
14
Suppose -39 = -d - 6. What is the remainder when d is divided by 17?
16
Suppose 3*n - 425 = -2*n. Suppose 0 = 3*g + 2*g - n. Suppose 3*v = 25 + g. What is the remainder when 27 is divided by v?
13
Let g = 33 - 8. Suppose -2*n + 3*n = 2*h - g, -3*h = -2*n - 38. What is the remainder when 45 is divided by h?
9
What is the remainder when 4/(-8) + (-609)/(-6) is divided by 26?
23
Let h = 33 + -6. Suppose -2*f - 6 = 0, -3*f = 2*w - 4*f - h. Suppose 3*l = -l + w, n + 2*l - 18 = 0. What is the remainder when 23 is divided by n?
11
Suppose m + 0 - 4 = 0. Suppose 0*c = c - m. What is the remainder when 6 is divided by c?
2
Let z(s) be the second derivative of -s**3/3 - 3*s**2/2 + 3*s. What is the remainder when 18 is divided by z(-4)?
3
Let g(m) = -m - 3. Let p be g(-9). Let h = 2 - p. Let x = -1 - h. What is the remainder when 7 is divided by x?
1
Suppose -155 = -5*r + 4*j, r = 2*r + 2*j - 31. Suppose 5*g - 5 = -0. What is the remainder when r is divided by (0 - (g - 5))*4?
15
Let p be (-6)/10 - (-6)/10. Let i = 4 - p. Suppose i = 2*m - 8. What is the remainder when 11 is divided by m?
5
Let h be 14 + (-3)/((-6)/(-4)). Let w = -17 + h. What is the remainder when 18 is divided by w/(1/4*-2)?
8
Let j = 102 - 57. Calculate the remainder when j is divided by 23.
22
Suppose 2*c = h + 21 - 22, 0 = 2*c - 3*h + 11. Let l(k) = -k + 2. Let j be l(5). Let i = j + 4. Calculate the remainder when c is divided by i.
0
Suppose w - 29 = 3*v + 6*w, -2*v - 4*w = 22. Calculate the remainder when v + (-3)/(-1) - -30 is divided by 8.
6
Let j(a) = a**2 + a + 1. Let k(h) = -3*h**2 - 15*h + 8. Let w(d) = 5*j(d) + k(d). Calculate the remainder when w(6) is divided by 13.
12
Suppose 4*v - 21 = -3*w, -v = -0*v + 5*w - 18. Suppose 5*u - b = 15, 0*u - 4*u - 2 = 2*b. What is the remainder when 35 is divided by (17 - -1)*u/v?
11
Let y(t) = -3*t - 1. Let a be y(4). Let g = -5 - a. What is the remainder when 21 is divided by g?
5
Let h(d) = 4*d + 3. Let z(t) = 4*t + 2. Let u(p) = 5*h(p) - 6*z(p). Let a be u(-5). Let i = a + -13. What is the remainder when 29 is divided by i?
9
Let w(v) = v + 2. Suppose 2*k + 28 = 3*b, 0*b - 3*b + 5*k = -43. Calculate the remainder when b is divided by w(0).
0
Let i(j) = -2*j**3 - 2*j**2 + 3*j + 3. Let p be i(-2). Suppose -4*x = w - 57 + 8, -2*x = -4*w - 38. What is the remainder when x is divided by p - 0/(1*-2)?
3
Let c(z) = z**2 + 4*z - 6. Calculate the remainder when 71 is divided by c(-7).
11
Let i(y) = -y**3 - 9*y**2 - 8*y + 8. What is the remainder when 14 is divided by i(-8)?
6
Let n = 53 + -45. What is the remainder when 24 is divided by n?
0
Let j = 7 - 14. What is the remainder when 42 is divided by (-3)/j - (-370)/35?
9
Calculate the remainder when (-1)/(((-6)/92)/3) is divided by 12.
10
Let g(u) = -4*u - 1. Suppose 0 = -3*x - 1 - 2. Let t be g(x). Calculate the remainder when -1*t + (4 - -34) is divided by 18.
17
Let l(n) = 2*n**2 - 8*n. Let q be l(6). Let m be (q/9 - 2)*39. Suppose m + 2 = 4*u. What is the remainder when 12 is divided by u?
5
Suppose l - 258 = -5*l. What is the remainder when l is divided by 11?
10
Suppose -2*c + 3*f = 3 + 2, 3*f - 15 = 0. Suppose 6 = -4*r + c*r. What is the remainder when 10 is divided by r?
4
Suppose 4*g = 4*n + 10 + 10, n = 1. Let p be g/(-9) + 1/(-3). What is the remainder when 36 is divided by p/(-2)*(34 + 4)?
17
Suppose -r = 4*r. Let x = r + 35. Let z(b) = -b**2 - 16*b - 16. Calculate the remainder when x is divided by z(-14).
11
Let h = -2 + 4. Suppose h*m - 6*m - 144 = -4*i, -i = -5*m - 44. Calculate the remainder when i is divided by 9.
7
Let f(w) = w**3 + 9*w**2 + 1. Calculate the remainder when f(-6) is divided by 28.
25
Let j = -6 + 26. Calculate the remainder when 37 is divided by j.
17
Let f(c) = -c - 2. Let l be f(-3). Let u = 2 - l. Suppose -u + 4 = j + 3*z, 5*j = z + 31. What is the remainder when 10 is divided by j?
4
Let j(c) = 4*c**2 - 3*c - 3. Let o(z) = -z**2 + 10*z - 3. What is the remainder when j(3) is divided by o(8)?
11
Let q(t) = 2*t - 6. Suppose -3*g + 139 = 25. Calculate the remainder when g is divided by q(7).
6
Suppose -2*z - 8 = -4*z. Let o = z + 8. Let t(k) = -4*k**3 + k**2 + 2*k + 2. 